 4*i - 5 + 2. What is the units digit of r?
1
Let b = 1594 - 748. What is the units digit of b?
6
Let d = -4552 + 7611. What is the tens digit of d?
5
Let j(n) = n**2 + 2*n - 3. Let h be j(-4). Let x be -4 - -4 - h/1. Let y = x + 52. What is the tens digit of y?
4
Suppose 3*t - 4*f - 269 = 0, -3*t + 2*t + f = -88. Let h = t - 43. What is the tens digit of h?
4
Let n be -1*(2 - 5)*-9. Suppose 23 = -t - 0*t. Let s = t - n. What is the units digit of s?
4
Let l(c) = c**2 + 29*c + 58. Let g be l(-27). Suppose -4*i = -i. Suppose i = -g*p + 8*p - 156. What is the tens digit of p?
3
Let x(k) = k**2 - 6*k - 34. Let f be x(10). Suppose q - 2*r - 126 = 0, 2*q - 4*r = f*q - 528. What is the units digit of q?
0
Let n(r) = -5*r - 8. Let s(o) = 4*o + 9. Let z be s(-4). What is the units digit of n(z)?
7
Let s(p) = -p**2 - 2*p - 2. Let h be s(0). Let g(l) be the first derivative of -16*l**2 - 3*l - 1. What is the units digit of g(h)?
1
Suppose 40*z = -7*z + 4841. What is the units digit of z?
3
Let s be ((-400)/(-35))/(-5) + (-2)/(-7). What is the units digit of (11/s)/(((-3)/3)/18)?
9
Let o(m) = -2*m**2 + 5*m - 5. Let r = 36 - 33. Let j be o(r). Let w(h) = -h - 3. What is the units digit of w(j)?
5
Let n(m) = 2*m**3 + 22*m**2 + 12*m - 14. Suppose 20 = -h - h. What is the units digit of n(h)?
6
Suppose -g + 4 + 3 = 0. What is the tens digit of g/(-4)*(-13 - -5)?
1
Let j(o) = 3*o**3 + 7*o**2 - 9. Let i be j(-7). Let s = -411 - i. What is the hundreds digit of s?
2
Suppose 4*w = 2*s + 2598, 5*w + 2*s - 3831 = -570. What is the hundreds digit of w?
6
Let u be ((-1)/3)/((-8)/(-24)). Let r be -45 + (u - (1 + 2)). What is the tens digit of (2 - r) + -10 + 9?
5
Suppose -29 - 35 = -4*w. Suppose l + 0*l - w = 0. Suppose 4 = 4*j - l. What is the units digit of j?
5
Suppose -2*x + 2*f + 11 = -f, -4*x + 19 = -3*f. Suppose -9 = 3*a, 31 = x*k - 3*a + 10. What is the tens digit of (-1)/(((-6)/k)/38)?
1
Let m(h) = -h**3 - 15*h**2 - 34*h + 1. What is the tens digit of m(-15)?
1
Suppose -9*w = -43*w + 58174. What is the thousands digit of w?
1
Suppose 4*k - 220 = 532. Suppose -k = -x - 34. What is the tens digit of x?
5
Let j = 691 - -165. What is the tens digit of j?
5
Suppose 2*v - 4*w + 4 = -56, 2*w + 2 = 0. Let g = -6 + 60. Let x = g + v. What is the tens digit of x?
2
Let y be (-10)/((-6)/(-2) - 2). Let d(t) = 2*t**2 + 4*t + 19. What is the units digit of d(y)?
9
Let n(r) = -2*r**3 - 8*r**2 + 25*r + 5. Let d be n(-6). Suppose 2*j = 3*m + 2*m - 186, -4*m = 2*j - 156. Let i = m - d. What is the tens digit of i?
3
Suppose 22 = -i - i. Let b(d) = -d**2 - 18*d - 12. What is the units digit of b(i)?
5
Let y(t) = t**2 + 3*t - 6. Let a be y(2). Suppose a*l = -l + 115. What is the units digit of l?
3
Let m(c) = c - 4. Let d be m(3). Let x be (8/20)/(d/(-5)). What is the units digit of x/9 + (-1446)/(-54)?
7
Suppose 0 = 4*d + d + 95. Let q be ((-4)/(-10))/(2 + (-693)/350). Let v = d + q. What is the units digit of v?
1
Suppose -9*v + 8*v + 552 = 2*j, 2*j - 2792 = -5*v. What is the units digit of v?
0
Let y = 14 - 14. Let k(p) = 9 - 13*p + y + 0 - p**2 - 1. What is the units digit of k(-11)?
0
Suppose -1274 = -2*y + 230. What is the hundreds digit of y?
7
Suppose -203 = -2*q - f, q - 5*f - 427 = -3*q. Let k = -71 + q. What is the units digit of k?
2
Let k be (8 - 3 - 0)*21/15. Suppose 0 = k*a + 5*a - 1044. What is the tens digit of a?
8
Let k(n) = 18*n**2 + 2*n - 4. Let i be k(2). Suppose i + 58 = 2*z. What is the units digit of z?
5
Suppose 0 = 7*i - 12 - 2. Suppose -a + 30 = k, -4*a = i*k - a - 59. What is the tens digit of k?
3
What is the tens digit of 0 + -1 - (-2 + -968)?
6
Let p be 23/5 + 24/60. Let y = p - 0. Suppose 3*g + 14 = y*s - 0*g, -4*s + 16 = -4*g. What is the units digit of s?
1
Let m = 36 + -5. Suppose -g + 36 = -m. What is the units digit of g?
7
Suppose 0 = 31*q + 47*q - 18018. What is the tens digit of q?
3
Let x(q) = 287*q**3 - 5*q**2 + 11*q - 6. Let u(o) = 1005*o**3 - 18*o**2 + 39*o - 21. Let l(s) = -5*u(s) + 18*x(s). What is the hundreds digit of l(1)?
1
Suppose 30*w - 22302 = 3*w. What is the tens digit of w?
2
Let z(m) = 2*m**2 - 15*m + 18. What is the hundreds digit of z(-12)?
4
Let m be (33/(-9))/((-7)/(-42)). What is the tens digit of 4/((-8)/m)*1?
1
Suppose 5*y + 4*n = -550, 0*y - 4*n + 192 = -2*y. What is the units digit of (-5)/(-30) - (1 - y/(-12))?
8
Let j be (2/(-5))/((-7)/(-140)). Let w = 5 + j. What is the units digit of w*(-1)/(-6)*-62?
1
Let b = 41 - 150. Suppose 0 = -3*y + 2*i + 671 - 176, -2*i - 330 = -2*y. Let u = y + b. What is the tens digit of u?
5
Let v(f) be the first derivative of -f**2/2 + 6*f - 2. Let w be v(-9). Let b = w - -4. What is the units digit of b?
9
Let j = 218 - 135. Suppose 92 = 5*d - j. What is the tens digit of d?
3
Suppose 0 = 7*r + 5*r - 2712. Suppose -170 = -3*z + x - 2*x, -2*x = 4*z - r. What is the tens digit of z?
5
Let x = -9 - -149. Suppose o - x - 30 = 0. What is the tens digit of o?
7
Let q(d) = -3*d**2 - 4*d + 22. Let j(x) = -4*x**2 - 4*x + 23. Let z(a) = -4*j(a) + 5*q(a). What is the units digit of z(4)?
8
Suppose 0 = 4*q, -4*q + 0*q - 6 = z. What is the tens digit of (6 - 8)/(z/141)?
4
Let q = -19 + 4. Let u(l) = -l - 1. Let p be u(q). Let r = 24 - p. What is the units digit of r?
0
Let m = -55 + 93. Suppose 2*p = m - 314. What is the tens digit of 3/(-1) + p/(-3)?
4
Suppose 0 = 5*v - 2*v + 3*q - 126, q + 34 = v. Let k = -72 + 164. Suppose -5*o + v = -k. What is the units digit of o?
6
Suppose 4*u - 1586 = -3*r + 9*u, -2626 = -5*r + 4*u. What is the tens digit of r?
2
Let f(n) = -8*n**2 + 1. Let z be f(-1). Let q = -2 - z. Let t = 20 - q. What is the units digit of t?
5
Suppose 0 = -21*j + 23*j - 8. What is the tens digit of (j/14)/(4/1036)?
7
Let p(l) = 2*l**2 - 38*l + 17. What is the tens digit of p(23)?
0
Let v(j) = -j**2 + 19*j - 15. Let k be v(15). Suppose 5*z + 1 - 19 = b, -5*b = 2*z - k. What is the units digit of b?
7
Let v = 8 + -20. Let t be (-5)/(20/v)*-3. Let y(a) = -2*a + 20. What is the tens digit of y(t)?
3
Let j be (9/15)/((-4)/(-340)). Let t = j - 11. What is the tens digit of t?
4
Let d(o) = 117*o - 147. What is the units digit of d(5)?
8
Let p = 42 + -39. Suppose -2*h + 190 = -0*j - p*j, 5*h = -2*j + 475. What is the units digit of h?
5
Let n(u) = u**2 + 7*u - 44. Let j be n(-15). What is the tens digit of (j/(-5))/((-6)/15)?
3
Let y be 690/(3 - 1) + 2. Let b be (-8)/12 - y/(-3). Suppose -5*f + b = -5*g, -3*f - 5*g - 8 = -61. What is the tens digit of f?
2
Let r(y) = 253*y - 402. What is the tens digit of r(17)?
9
Let v(b) = 6*b**2 - 1. Let w be v(-1). Let i(j) = j**2 + 3*j + 20. Let q be i(-7). Suppose 3*p = -3*l + q, 2*l = w*p - 9*p + 30. What is the tens digit of l?
1
Suppose 0 = -2*w - 9 - 1. What is the tens digit of ((-8)/w)/((-4)/(-150))?
6
Let b(y) = y**3 + 8*y**2 + 6*y - 2. Let x be b(-7). Suppose -4*i + 28 = n - 2*n, 50 = 5*i - x*n. What is the tens digit of (-9)/i*98/(-3)?
4
Let x = -281 - -479. What is the hundreds digit of x?
1
Suppose -3*o - 12 - 16 = -2*x, -x - 2*o = -14. Let s be (-2)/4*x*-2. What is the units digit of 7/s*(-2 - -28)?
3
Suppose 176 + 202 = 3*k. What is the units digit of k?
6
Let r(w) = 2*w**2 - 5*w + 4654. What is the hundreds digit of r(0)?
6
Suppose 2*q = -2*q + 12. Let x(k) = -2*k**2 + 3*k - 1. Let g(t) = t**2 - t - 1. Let r(o) = g(o) - x(o). What is the tens digit of r(q)?
1
Let a(y) = y**3 - y**2 - y - 59. Let h be a(0). Let x = h - -133. Suppose 16 = t - 3*c + c, 3*c + x = 4*t. What is the units digit of t?
0
Suppose 5*c + 2*d + 13 = -4, 0 = c - 3*d + 17. Let g be (-11)/(-55) - 54/c. Suppose 45 = g*h - 6*h. What is the units digit of h?
9
Suppose n = 3*c + 373, 3*n = 5*c - 3*c + 258. Let d = c - 57. What is the tens digit of (-4)/(-14) + d/(-7)?
2
Let o(s) = -9*s - 3. Let d(n) = -8*n - 3. Let t(z) = 6*d(z) - 5*o(z). Let k be t(3). Let x(u) = -u**2 - 13*u + 5. What is the tens digit of x(k)?
1
Suppose 1328 = 4*w + 2*y, 35*w - 1314 = 31*w + 5*y. What is the tens digit of w?
3
Let w(r) = 33*r**3 + 7*r**2 - 38*r + 6. What is the hundreds digit of w(4)?
0
Let y(d) = -3*d - 10. Suppose 2*o + 3*z = -19, -5*z = 9 + 6. Let x be y(o). Suppose -2*r + 69 = x*c, 4*r = c - 0*c + 127. What is the units digit of r?
2
Let w(p) = -p + 10. Let m be w(12). Let s